{"id":113,"date":"2017-08-30T21:21:35","date_gmt":"2017-08-30T20:21:35","guid":{"rendered":"http:\/\/manu.wildsteiger-land.de\/?page_id=113"},"modified":"2017-08-30T21:21:35","modified_gmt":"2017-08-30T20:21:35","slug":"impressum","status":"publish","type":"page","link":"https:\/\/wildsteiger-land.de\/?page_id=113","title":{"rendered":"Impressum"},"content":{"rendered":"<h2 style=\"text-align: center;\"><span style=\"color: #3366ff;\">Fam. Martin &amp; Maria G\u00f6bl<\/span><br \/>\n<span style=\"color: #3366ff;\">Schildschwaig 10<\/span><br \/>\n<span style=\"color: #3366ff;\">D-82409 Wildsteig<\/span><\/h2>\n<p style=\"text-align: center;\">Die auf diesem Server bereitgestellten Informationen und Gestaltungselemente sind an das Urheberrecht gebunden!<\/p>\n<p>Es ist untersagt, ohne die schriftliche Genehmigung von\u00a0Herrn\u00a0Martin G\u00f6bl Informationsinhalte dieses WWW-Servers im Ganzen oder auch in Teilen nachzudrucken, zu vervielf\u00e4ltigen oder auf andere Art zu verwerten.<\/p>\n<p>Copyright (c) 2011 Martin G\u00f6bl und dessen Lizenzgeber. Alle Rechte vorbehalten.<\/p>\n<p>Die dargestellten Informationsinhalte wurden sorgf\u00e4ltig recherchiert und aufbereitet.<\/p>\n<p>Martin G\u00f6bl \u00fcbernimmt jedoch keine Garantie f\u00fcr die Korrektheit oder Vollst\u00e4ndigkeit der Informationen.<\/p>\n<p>F\u00fcr jeglichen Schaden, der direkt oder indirekt in Zusammenhang mit der Nutzung, dem Missbrauch oder der Funktionalit\u00e4t dieses Servers oder der darin angebotenen Informationsinhalte steht,\u00fcbernimmt Martin G\u00f6bl keinerlei Haftung.<\/p>\n<p>&nbsp;<\/p>\n<hr \/>\n<p style=\"text-align: center;\"><span style=\"color: #000000;\"><strong>Inhaltliche Bearbeitung<\/strong><\/span><\/p>\n<p style=\"text-align: center;\"><span style=\"color: #000000;\"><a href=\"http:\/\/m.wildsteiger-land.de\"><strong>Manuela Hennebach<\/strong><\/a><\/span><\/p>\n<hr \/>\n<p style=\"text-align: center;\"><span style=\"color: #000000;\"><strong>Hosting<\/strong><\/span><\/p>\n<p style=\"text-align: center;\"><span style=\"color: #000000;\"><strong><a href=\"http:\/\/steiger-web.eu\/\">EDV-Systeme Steiger<\/a><\/strong><\/span><\/p>\n","protected":false},"excerpt":{"rendered":"<p>Fam. Martin &amp; Maria G\u00f6bl Schildschwaig 10 D-82409 Wildsteig Die auf diesem Server bereitgestellten Informationen und Gestaltungselemente sind an das Urheberrecht gebunden! Es ist untersagt, ohne die schriftliche Genehmigung von\u00a0Herrn\u00a0Martin G\u00f6bl Informationsinhalte dieses WWW-Servers im Ganzen oder auch in Teilen &hellip; <a href=\"https:\/\/wildsteiger-land.de\/?page_id=113\">Weiterlesen <span class=\"meta-nav\">&rarr;<\/span><\/a><\/p>\n","protected":false},"author":1,"featured_media":0,"parent":0,"menu_order":0,"comment_status":"closed","ping_status":"closed","template":"onecolumn-page.php","meta":{"footnotes":""},"class_list":["post-113","page","type-page","status-publish","hentry"],"_links":{"self":[{"href":"https:\/\/wildsteiger-land.de\/index.php?rest_route=\/wp\/v2\/pages\/113","targetHints":{"allow":["GET"]}}],"collection":[{"href":"https:\/\/wildsteiger-land.de\/index.php?rest_route=\/wp\/v2\/pages"}],"about":[{"href":"https:\/\/wildsteiger-land.de\/index.php?rest_route=\/wp\/v2\/types\/page"}],"author":[{"embeddable":true,"href":"https:\/\/wildsteiger-land.de\/index.php?rest_route=\/wp\/v2\/users\/1"}],"replies":[{"embeddable":true,"href":"https:\/\/wildsteiger-land.de\/index.php?rest_route=%2Fwp%2Fv2%2Fcomments&post=113"}],"version-history":[{"count":0,"href":"https:\/\/wildsteiger-land.de\/index.php?rest_route=\/wp\/v2\/pages\/113\/revisions"}],"wp:attachment":[{"href":"https:\/\/wildsteiger-land.de\/index.php?rest_route=%2Fwp%2Fv2%2Fmedia&parent=113"}],"curies":[{"name":"wp","href":"https:\/\/api.w.org\/{rel}","templated":true}]}}