{"id":604,"date":"2020-05-12T19:06:13","date_gmt":"2020-05-12T19:06:13","guid":{"rendered":"https:\/\/wildsteiger-land.de\/?page_id=604"},"modified":"2021-11-30T13:07:12","modified_gmt":"2021-11-30T13:07:12","slug":"zaisie-vom-wildsteiger-land","status":"publish","type":"page","link":"https:\/\/wildsteiger-land.de\/?page_id=604","title":{"rendered":"Zaisie vom Wildsteiger Land"},"content":{"rendered":"\n<p>WT: 22.04.2019<\/p>\n\n\n\n<p>V: Falco von Farhantal (V BSZS 2019)<\/p>\n\n\n\n<p>M: Una vom Wildsteiger Land  (V BSZS 2019) <\/p>\n\n\n<p>HD&amp;ED normal<\/p>\n<p>ZB:\u00a0 V (LGZS) Richter H. Bu\u00df<\/p>\n<p>AKZ: WB, BH, IPG 1, IGP 2<\/p>\n\n\n<p>Z: Martin G\u00f6bl, Schildschwaig 10, 82409 Wildsteig<\/p>\n\n\n\n<p>E: Manuela Hennebach, Schildschaig 10, 82409 Wildsteig<\/p>\n\n\n\n<p>angek\u00f6rt 2022\/2023<\/p>\n\n\n\n<p>Gro\u00df, mittelkr\u00e4ftig, gehaltvoll, korrekte Geb\u00e4udeverh\u00e4ltnisse, kr\u00e4ftiger ausdrucksvoller Kopf, hoher Widerrist, sehr gute R\u00fcckenlinie, leicht absch\u00fcssige Kruppe, sehr gute Winkelung Vor- und Hinterhand, gerade Front, korrekte Brustverh\u00e4ltnisse, vorne gerade, hinten leicht engtretend, zeigt kraftvolle fl\u00fcssige G\u00e4nge mit sehr gutem Raumgewinn, sicheres Wesen TSB ausgepr\u00e4gt<\/p>\n\n\n\n<p>V. Besondere Vorz\u00fcge: <\/p>\n\n\n\n<p>Ausdrucksvolle H\u00fcndin mit sehr gutem Gesamtaufbau<\/p>\n\n\n\n<figure class=\"wp-block-gallery columns-1 is-cropped wp-block-gallery-1 is-layout-flex wp-block-gallery-is-layout-flex\"><ul class=\"blocks-gallery-grid\"><li class=\"blocks-gallery-item\"><figure><img loading=\"lazy\" decoding=\"async\" width=\"1024\" height=\"654\" src=\"https:\/\/wildsteiger-land.de\/wp-content\/uploads\/2020\/08\/IMG-20200731-WA0003-1-1024x654.jpg\" alt=\"\" data-id=\"632\" data-link=\"https:\/\/wildsteiger-land.de\/?attachment_id=632\" class=\"wp-image-632\" srcset=\"https:\/\/wildsteiger-land.de\/wp-content\/uploads\/2020\/08\/IMG-20200731-WA0003-1-1024x654.jpg 1024w, https:\/\/wildsteiger-land.de\/wp-content\/uploads\/2020\/08\/IMG-20200731-WA0003-1-300x192.jpg 300w, https:\/\/wildsteiger-land.de\/wp-content\/uploads\/2020\/08\/IMG-20200731-WA0003-1-768x491.jpg 768w, https:\/\/wildsteiger-land.de\/wp-content\/uploads\/2020\/08\/IMG-20200731-WA0003-1.jpg 1600w\" sizes=\"auto, (max-width: 1024px) 100vw, 1024px\" \/><\/figure><\/li><\/ul><\/figure>\n\n\n\n<div class=\"wp-block-image\"><figure class=\"aligncenter is-resized\"><img loading=\"lazy\" decoding=\"async\" src=\"https:\/\/wildsteiger-land.de\/wp-content\/uploads\/2020\/08\/IMG-20200731-WA0004-667x1024.jpg\" alt=\"\" class=\"wp-image-629\" width=\"352\" height=\"540\" srcset=\"https:\/\/wildsteiger-land.de\/wp-content\/uploads\/2020\/08\/IMG-20200731-WA0004-667x1024.jpg 667w, https:\/\/wildsteiger-land.de\/wp-content\/uploads\/2020\/08\/IMG-20200731-WA0004-195x300.jpg 195w, https:\/\/wildsteiger-land.de\/wp-content\/uploads\/2020\/08\/IMG-20200731-WA0004-768x1179.jpg 768w, https:\/\/wildsteiger-land.de\/wp-content\/uploads\/2020\/08\/IMG-20200731-WA0004.jpg 1033w\" sizes=\"auto, (max-width: 352px) 100vw, 352px\" \/><\/figure><\/div>\n\n\n\n<div class=\"wp-block-image\"><figure class=\"aligncenter is-resized\"><img loading=\"lazy\" decoding=\"async\" src=\"https:\/\/wildsteiger-land.de\/wp-content\/uploads\/2020\/05\/Zaisie-Stand-mit-11-Monaten-1-1024x768.jpg\" alt=\"\" class=\"wp-image-607\" width=\"566\" height=\"424\" srcset=\"https:\/\/wildsteiger-land.de\/wp-content\/uploads\/2020\/05\/Zaisie-Stand-mit-11-Monaten-1-1024x768.jpg 1024w, https:\/\/wildsteiger-land.de\/wp-content\/uploads\/2020\/05\/Zaisie-Stand-mit-11-Monaten-1-300x225.jpg 300w, https:\/\/wildsteiger-land.de\/wp-content\/uploads\/2020\/05\/Zaisie-Stand-mit-11-Monaten-1-768x576.jpg 768w, https:\/\/wildsteiger-land.de\/wp-content\/uploads\/2020\/05\/Zaisie-Stand-mit-11-Monaten-1.jpg 1440w\" sizes=\"auto, (max-width: 566px) 100vw, 566px\" \/><\/figure><\/div>\n\n\n\n<figure class=\"wp-block-gallery columns-1 is-cropped wp-block-gallery-2 is-layout-flex wp-block-gallery-is-layout-flex\"><ul class=\"blocks-gallery-grid\"><li class=\"blocks-gallery-item\"><figure><img loading=\"lazy\" decoding=\"async\" width=\"652\" height=\"821\" src=\"https:\/\/wildsteiger-land.de\/wp-content\/uploads\/2021\/10\/IMG-20211003-WA0012.jpg\" alt=\"\" data-id=\"723\" data-link=\"https:\/\/wildsteiger-land.de\/?attachment_id=723\" class=\"wp-image-723\" srcset=\"https:\/\/wildsteiger-land.de\/wp-content\/uploads\/2021\/10\/IMG-20211003-WA0012.jpg 652w, https:\/\/wildsteiger-land.de\/wp-content\/uploads\/2021\/10\/IMG-20211003-WA0012-238x300.jpg 238w\" sizes=\"auto, (max-width: 652px) 100vw, 652px\" \/><\/figure><\/li><\/ul><\/figure>\n","protected":false},"excerpt":{"rendered":"<p>WT: 22.04.2019 V: Falco von Farhantal (V BSZS 2019) M: Una vom Wildsteiger Land (V BSZS 2019) HD&amp;ED normal ZB:\u00a0 V (LGZS) Richter H. Bu\u00df AKZ: WB, BH, IPG 1, IGP 2 Z: Martin G\u00f6bl, Schildschwaig 10, 82409 Wildsteig E: &hellip; <a href=\"https:\/\/wildsteiger-land.de\/?page_id=604\">Weiterlesen <span class=\"meta-nav\">&rarr;<\/span><\/a><\/p>\n","protected":false},"author":1,"featured_media":0,"parent":0,"menu_order":0,"comment_status":"closed","ping_status":"closed","template":"onecolumn-page.php","meta":{"footnotes":""},"class_list":["post-604","page","type-page","status-publish","hentry"],"_links":{"self":[{"href":"https:\/\/wildsteiger-land.de\/index.php?rest_route=\/wp\/v2\/pages\/604","targetHints":{"allow":["GET"]}}],"collection":[{"href":"https:\/\/wildsteiger-land.de\/index.php?rest_route=\/wp\/v2\/pages"}],"about":[{"href":"https:\/\/wildsteiger-land.de\/index.php?rest_route=\/wp\/v2\/types\/page"}],"author":[{"embeddable":true,"href":"https:\/\/wildsteiger-land.de\/index.php?rest_route=\/wp\/v2\/users\/1"}],"replies":[{"embeddable":true,"href":"https:\/\/wildsteiger-land.de\/index.php?rest_route=%2Fwp%2Fv2%2Fcomments&post=604"}],"version-history":[{"count":23,"href":"https:\/\/wildsteiger-land.de\/index.php?rest_route=\/wp\/v2\/pages\/604\/revisions"}],"predecessor-version":[{"id":732,"href":"https:\/\/wildsteiger-land.de\/index.php?rest_route=\/wp\/v2\/pages\/604\/revisions\/732"}],"wp:attachment":[{"href":"https:\/\/wildsteiger-land.de\/index.php?rest_route=%2Fwp%2Fv2%2Fmedia&parent=604"}],"curies":[{"name":"wp","href":"https:\/\/api.w.org\/{rel}","templated":true}]}}