{"id":700,"date":"2021-05-11T12:35:45","date_gmt":"2021-05-11T12:35:45","guid":{"rendered":"https:\/\/wildsteiger-land.de\/?page_id=700"},"modified":"2023-07-12T07:37:21","modified_gmt":"2023-07-12T07:37:21","slug":"zoe-vom-wildsteiger-land","status":"publish","type":"page","link":"https:\/\/wildsteiger-land.de\/?page_id=700","title":{"rendered":"Zoe vom Wildsteiger Land"},"content":{"rendered":"\n<p>WT: 22.04.2019<\/p>\n\n\n\n<p>V: Falco von Farhantal (V BSZS 2019)<\/p>\n\n\n\n<p>M: Una vom Wildsteiger Land (V BSZS 2019)<\/p>\n\n\n\n<p>HD normal ED Fast normal<\/p>\n\n\n\n<p>AKZ: WB, BH, IGP 1<\/p>\n\n\n\n<p>Z\u00fcchter: Martin G\u00f6bl, Schildschwaig 10, 82409 Wildsteig<\/p>\n\n\n\n<p>Eigent\u00fcmer: Marcus und Martin G\u00f6bl, Schildschwaig 10, 82409 Wildsteig<\/p>\n\n\n<div class=\"wp-block-image\">\n<figure class=\"aligncenter is-resized\"><img loading=\"lazy\" decoding=\"async\" src=\"https:\/\/wildsteiger-land.de\/wp-content\/uploads\/2021\/05\/IMG-20210206-WA0008-1-206x300.jpg\" alt=\"\" class=\"wp-image-697\" width=\"288\" height=\"420\" srcset=\"https:\/\/wildsteiger-land.de\/wp-content\/uploads\/2021\/05\/IMG-20210206-WA0008-1-206x300.jpg 206w, https:\/\/wildsteiger-land.de\/wp-content\/uploads\/2021\/05\/IMG-20210206-WA0008-1-768x1120.jpg 768w, https:\/\/wildsteiger-land.de\/wp-content\/uploads\/2021\/05\/IMG-20210206-WA0008-1-702x1024.jpg 702w, https:\/\/wildsteiger-land.de\/wp-content\/uploads\/2021\/05\/IMG-20210206-WA0008-1.jpg 1097w\" sizes=\"auto, (max-width: 288px) 100vw, 288px\" \/><\/figure><\/div>\n\n\n<figure class=\"wp-block-image size-large\"><img loading=\"lazy\" decoding=\"async\" width=\"1024\" height=\"768\" src=\"https:\/\/wildsteiger-land.de\/wp-content\/uploads\/2023\/07\/zoe-training-1024x768.jpg\" alt=\"\" class=\"wp-image-777\" srcset=\"https:\/\/wildsteiger-land.de\/wp-content\/uploads\/2023\/07\/zoe-training-1024x768.jpg 1024w, https:\/\/wildsteiger-land.de\/wp-content\/uploads\/2023\/07\/zoe-training-300x225.jpg 300w, https:\/\/wildsteiger-land.de\/wp-content\/uploads\/2023\/07\/zoe-training-768x576.jpg 768w, https:\/\/wildsteiger-land.de\/wp-content\/uploads\/2023\/07\/zoe-training.jpg 1168w\" sizes=\"auto, (max-width: 1024px) 100vw, 1024px\" \/><figcaption>Zoe bei der Schutzarbeit<\/figcaption><\/figure>\n","protected":false},"excerpt":{"rendered":"<p>WT: 22.04.2019 V: Falco von Farhantal (V BSZS 2019) M: Una vom Wildsteiger Land (V BSZS 2019) HD normal ED Fast normal AKZ: WB, BH, IGP 1 Z\u00fcchter: Martin G\u00f6bl, Schildschwaig 10, 82409 Wildsteig Eigent\u00fcmer: Marcus und Martin G\u00f6bl, Schildschwaig &hellip; <a href=\"https:\/\/wildsteiger-land.de\/?page_id=700\">Weiterlesen <span class=\"meta-nav\">&rarr;<\/span><\/a><\/p>\n","protected":false},"author":1,"featured_media":0,"parent":0,"menu_order":0,"comment_status":"closed","ping_status":"closed","template":"onecolumn-page.php","meta":{"footnotes":""},"class_list":["post-700","page","type-page","status-publish","hentry"],"_links":{"self":[{"href":"https:\/\/wildsteiger-land.de\/index.php?rest_route=\/wp\/v2\/pages\/700","targetHints":{"allow":["GET"]}}],"collection":[{"href":"https:\/\/wildsteiger-land.de\/index.php?rest_route=\/wp\/v2\/pages"}],"about":[{"href":"https:\/\/wildsteiger-land.de\/index.php?rest_route=\/wp\/v2\/types\/page"}],"author":[{"embeddable":true,"href":"https:\/\/wildsteiger-land.de\/index.php?rest_route=\/wp\/v2\/users\/1"}],"replies":[{"embeddable":true,"href":"https:\/\/wildsteiger-land.de\/index.php?rest_route=%2Fwp%2Fv2%2Fcomments&post=700"}],"version-history":[{"count":8,"href":"https:\/\/wildsteiger-land.de\/index.php?rest_route=\/wp\/v2\/pages\/700\/revisions"}],"predecessor-version":[{"id":779,"href":"https:\/\/wildsteiger-land.de\/index.php?rest_route=\/wp\/v2\/pages\/700\/revisions\/779"}],"wp:attachment":[{"href":"https:\/\/wildsteiger-land.de\/index.php?rest_route=%2Fwp%2Fv2%2Fmedia&parent=700"}],"curies":[{"name":"wp","href":"https:\/\/api.w.org\/{rel}","templated":true}]}}